{"id":944,"date":"2017-03-16T17:47:58","date_gmt":"2017-03-16T20:47:58","guid":{"rendered":"http:\/\/www.nasacomputacion.com.ar\/site\/?p=944"},"modified":"2023-05-23T19:43:02","modified_gmt":"2023-05-23T22:43:02","slug":"after-effects","status":"publish","type":"product","link":"https:\/\/nasacomputacion.com.ar\/sitio\/producto\/after-effects\/","title":{"rendered":"After Effects"},"content":{"rendered":"<h3><span style=\"color: #045cb4;\">Objetivos<\/span><\/h3>\n<p>Es una aplicaci\u00f3n que se utiliza para la creaci\u00f3n de un video, clip o pel\u00edcula, como as\u00ed tambi\u00e9n para la realizaci\u00f3n de gr\u00e1ficos profesionales en movimiento y efectos especiales. Este programa est\u00e1 dirigido a dise\u00f1adores gr\u00e1ficos, productores de v\u00eddeo y a profesionales o aficionados en multimedia,<\/p>\n<p>\u2022 Introducci\u00f3n<br \/>\n\u2022 Flujos de trabajo, planificaci\u00f3n y configuraci\u00f3n<br \/>\n\u2022 Interfaz del usuario<br \/>\n\u2022 Proyectos y composiciones<br \/>\n\u2022 Importaci\u00f3n y administraci\u00f3n de elementos de material de archivo<br \/>\n\u2022 Capas y propiedades<br \/>\n\u2022 Vistas y previsualizaciones<br \/>\n\u2022 Animaci\u00f3n y fotogramas Claves<br \/>\n\u2022 Color<br \/>\n\u2022 Dibujo<br \/>\n\u2022 Pintura y Trazado<br \/>\n\u2022 Texto<br \/>\n\u2022 Transparencia, opacidad y composici\u00f3n<br \/>\n\u2022 Efectos y ajustes de animaci\u00f3n<br \/>\n\u2022 Marcadores y metadatos<br \/>\n\u2022 Memoria, almacenamiento y rendimiento<br \/>\n\u2022 Plugins, secuencias de comandos y automatizaci\u00f3n<br \/>\n\u2022 Expresiones<br \/>\n\u2022 Procesamiento y Exportaci\u00f3n<\/p>\n","protected":false},"excerpt":{"rendered":"<p>Objetivos Es una aplicaci\u00f3n que se utiliza para la creaci\u00f3n de un video, clip o pel\u00edcula, como as\u00ed tambi\u00e9n para la realizaci\u00f3n de gr\u00e1ficos profesionales en movimiento y efectos especiales. Este programa est\u00e1 dirigido a dise\u00f1adores gr\u00e1ficos, productores de v\u00eddeo y a profesionales o aficionados en multimedia, \u2022 Introducci\u00f3n \u2022 Flujos de trabajo, planificaci\u00f3n y &hellip;<\/p>\n<p class=\"read-more\"> <a class=\"\" href=\"https:\/\/nasacomputacion.com.ar\/sitio\/producto\/after-effects\/\"> <span class=\"screen-reader-text\">After Effects<\/span> Leer m\u00e1s &raquo;<\/a><\/p>\n","protected":false},"featured_media":2667,"template":"","meta":{"inline_featured_image":false,"site-sidebar-layout":"default","site-content-layout":"default","ast-global-header-display":"","ast-main-header-display":"","ast-hfb-above-header-display":"","ast-hfb-below-header-display":"","ast-hfb-mobile-header-display":"","site-post-title":"","ast-breadcrumbs-content":"","ast-featured-img":"","footer-sml-layout":"","theme-transparent-header-meta":"default","adv-header-id-meta":"","stick-header-meta":"","header-above-stick-meta":"","header-main-stick-meta":"","header-below-stick-meta":"","_joinchat":[]},"product_cat":[73],"product_tag":[],"class_list":["post-944","product","type-product","status-publish","has-post-thumbnail","hentry","product_cat-diseno-grafico","desktop-align-left","tablet-align-left","mobile-align-left"],"_links":{"self":[{"href":"https:\/\/nasacomputacion.com.ar\/sitio\/wp-json\/wp\/v2\/product\/944","targetHints":{"allow":["GET"]}}],"collection":[{"href":"https:\/\/nasacomputacion.com.ar\/sitio\/wp-json\/wp\/v2\/product"}],"about":[{"href":"https:\/\/nasacomputacion.com.ar\/sitio\/wp-json\/wp\/v2\/types\/product"}],"wp:featuredmedia":[{"embeddable":true,"href":"https:\/\/nasacomputacion.com.ar\/sitio\/wp-json\/wp\/v2\/media\/2667"}],"wp:attachment":[{"href":"https:\/\/nasacomputacion.com.ar\/sitio\/wp-json\/wp\/v2\/media?parent=944"}],"wp:term":[{"taxonomy":"product_cat","embeddable":true,"href":"https:\/\/nasacomputacion.com.ar\/sitio\/wp-json\/wp\/v2\/product_cat?post=944"},{"taxonomy":"product_tag","embeddable":true,"href":"https:\/\/nasacomputacion.com.ar\/sitio\/wp-json\/wp\/v2\/product_tag?post=944"}],"curies":[{"name":"wp","href":"https:\/\/api.w.org\/{rel}","templated":true}]}}