{"id":846,"date":"2017-03-15T18:14:12","date_gmt":"2017-03-15T18:14:12","guid":{"rendered":"http:\/\/www.nasacomputacion.com.ar\/site\/?p=846"},"modified":"2023-05-23T19:53:48","modified_gmt":"2023-05-23T22:53:48","slug":"windows-10","status":"publish","type":"product","link":"https:\/\/nasacomputacion.com.ar\/sitio\/producto\/windows-10\/","title":{"rendered":"Windows 10"},"content":{"rendered":"<h3><span style=\"color: #045cb4;\"><strong>Objetivos<\/strong><\/span><\/h3>\n<p>Descripci\u00f3n del entorno b\u00e1sico del sistema operativo Microsoft Windows en su \u00faltima versi\u00f3n, explicando los conceptos fundamentales y sus caracter\u00edsticas b\u00e1sicas de funcionamiento, aprendiendo todas las aplicaciones del mismo.<\/p>\n<p><strong>\u2022 Introducci\u00f3n y Entorno<\/strong><br \/>\n<strong> \u2022 Textos<\/strong><br \/>\n<strong> \u2022 Trabajos con archivos<\/strong><br \/>\n<strong> \u2022 Dibujos<\/strong><br \/>\n<strong> \u2022 El Explorador de Windows<\/strong><br \/>\n<strong> \u2022 Panel de control<\/strong><br \/>\n<strong> \u2022 Configuraciones<\/strong><br \/>\n<strong> \u2022 Aplicaciones integradas<\/strong><\/p>\n","protected":false},"excerpt":{"rendered":"<p>Objetivos Descripci\u00f3n del entorno b\u00e1sico del sistema operativo Microsoft Windows en su \u00faltima versi\u00f3n, explicando los conceptos fundamentales y sus caracter\u00edsticas b\u00e1sicas de funcionamiento, aprendiendo todas las aplicaciones del mismo. \u2022 Introducci\u00f3n y Entorno \u2022 Textos \u2022 Trabajos con archivos \u2022 Dibujos \u2022 El Explorador de Windows \u2022 Panel de control \u2022 Configuraciones \u2022 Aplicaciones &hellip;<\/p>\n<p class=\"read-more\"> <a class=\"\" href=\"https:\/\/nasacomputacion.com.ar\/sitio\/producto\/windows-10\/\"> <span class=\"screen-reader-text\">Windows 10<\/span> Leer m\u00e1s &raquo;<\/a><\/p>\n","protected":false},"featured_media":2889,"template":"","meta":{"inline_featured_image":false,"site-sidebar-layout":"default","site-content-layout":"default","ast-global-header-display":"","ast-main-header-display":"","ast-hfb-above-header-display":"","ast-hfb-below-header-display":"","ast-hfb-mobile-header-display":"","site-post-title":"","ast-breadcrumbs-content":"","ast-featured-img":"","footer-sml-layout":"","theme-transparent-header-meta":"default","adv-header-id-meta":"","stick-header-meta":"","header-above-stick-meta":"","header-main-stick-meta":"","header-below-stick-meta":"","_joinchat":[]},"product_cat":[80],"product_tag":[],"class_list":["post-846","product","type-product","status-publish","has-post-thumbnail","hentry","product_cat-sistemas-operativos","desktop-align-left","tablet-align-left","mobile-align-left"],"_links":{"self":[{"href":"https:\/\/nasacomputacion.com.ar\/sitio\/wp-json\/wp\/v2\/product\/846","targetHints":{"allow":["GET"]}}],"collection":[{"href":"https:\/\/nasacomputacion.com.ar\/sitio\/wp-json\/wp\/v2\/product"}],"about":[{"href":"https:\/\/nasacomputacion.com.ar\/sitio\/wp-json\/wp\/v2\/types\/product"}],"wp:featuredmedia":[{"embeddable":true,"href":"https:\/\/nasacomputacion.com.ar\/sitio\/wp-json\/wp\/v2\/media\/2889"}],"wp:attachment":[{"href":"https:\/\/nasacomputacion.com.ar\/sitio\/wp-json\/wp\/v2\/media?parent=846"}],"wp:term":[{"taxonomy":"product_cat","embeddable":true,"href":"https:\/\/nasacomputacion.com.ar\/sitio\/wp-json\/wp\/v2\/product_cat?post=846"},{"taxonomy":"product_tag","embeddable":true,"href":"https:\/\/nasacomputacion.com.ar\/sitio\/wp-json\/wp\/v2\/product_tag?post=846"}],"curies":[{"name":"wp","href":"https:\/\/api.w.org\/{rel}","templated":true}]}}