{"id":840,"date":"2017-03-15T18:08:43","date_gmt":"2017-03-15T18:08:43","guid":{"rendered":"http:\/\/www.nasacomputacion.com.ar\/site\/?p=840"},"modified":"2023-05-23T19:54:11","modified_gmt":"2023-05-23T22:54:11","slug":"windows-7","status":"publish","type":"product","link":"https:\/\/nasacomputacion.com.ar\/sitio\/producto\/windows-7\/","title":{"rendered":"Windows 7"},"content":{"rendered":"<h3><span style=\"color: #045cb4;\"><strong>Objetivos<\/strong><\/span><\/h3>\n<p>Descripci\u00f3n del entorno b\u00e1sico del sistema operativo Microsoft Windows 7, explicando los conceptos fundamentales y sus caracter\u00edsticas b\u00e1sicas de funcionamiento, aprendiendo todas las aplicaciones del mismo.<\/p>\n<p><strong>\u2022 Introducci\u00f3n y entorno<\/strong><br \/>\n<strong> \u2022 Vistas<\/strong><br \/>\n<strong> \u2022 Men\u00fa Inicio<\/strong><br \/>\n<strong> \u2022 Explorador de Windows<\/strong><br \/>\n<strong> \u2022 Equipo<\/strong><br \/>\n<strong> \u2022 Utilidades<\/strong><br \/>\n<strong> \u2022 Multimedia<\/strong><\/p>\n","protected":false},"excerpt":{"rendered":"<p>Objetivos Descripci\u00f3n del entorno b\u00e1sico del sistema operativo Microsoft Windows 7, explicando los conceptos fundamentales y sus caracter\u00edsticas b\u00e1sicas de funcionamiento, aprendiendo todas las aplicaciones del mismo. \u2022 Introducci\u00f3n y entorno \u2022 Vistas \u2022 Men\u00fa Inicio \u2022 Explorador de Windows \u2022 Equipo \u2022 Utilidades \u2022 Multimedia<\/p>\n","protected":false},"featured_media":2891,"template":"","meta":{"inline_featured_image":false,"site-sidebar-layout":"default","site-content-layout":"default","ast-global-header-display":"","ast-main-header-display":"","ast-hfb-above-header-display":"","ast-hfb-below-header-display":"","ast-hfb-mobile-header-display":"","site-post-title":"","ast-breadcrumbs-content":"","ast-featured-img":"","footer-sml-layout":"","theme-transparent-header-meta":"default","adv-header-id-meta":"","stick-header-meta":"","header-above-stick-meta":"","header-main-stick-meta":"","header-below-stick-meta":"","_joinchat":[]},"product_cat":[80],"product_tag":[],"class_list":["post-840","product","type-product","status-publish","has-post-thumbnail","hentry","product_cat-sistemas-operativos","desktop-align-left","tablet-align-left","mobile-align-left"],"_links":{"self":[{"href":"https:\/\/nasacomputacion.com.ar\/sitio\/wp-json\/wp\/v2\/product\/840","targetHints":{"allow":["GET"]}}],"collection":[{"href":"https:\/\/nasacomputacion.com.ar\/sitio\/wp-json\/wp\/v2\/product"}],"about":[{"href":"https:\/\/nasacomputacion.com.ar\/sitio\/wp-json\/wp\/v2\/types\/product"}],"wp:featuredmedia":[{"embeddable":true,"href":"https:\/\/nasacomputacion.com.ar\/sitio\/wp-json\/wp\/v2\/media\/2891"}],"wp:attachment":[{"href":"https:\/\/nasacomputacion.com.ar\/sitio\/wp-json\/wp\/v2\/media?parent=840"}],"wp:term":[{"taxonomy":"product_cat","embeddable":true,"href":"https:\/\/nasacomputacion.com.ar\/sitio\/wp-json\/wp\/v2\/product_cat?post=840"},{"taxonomy":"product_tag","embeddable":true,"href":"https:\/\/nasacomputacion.com.ar\/sitio\/wp-json\/wp\/v2\/product_tag?post=840"}],"curies":[{"name":"wp","href":"https:\/\/api.w.org\/{rel}","templated":true}]}}