{"id":5,"date":"2013-11-04T00:53:17","date_gmt":"2013-11-04T03:53:17","guid":{"rendered":"http:\/\/www.nasacomputacion.com.ar\/site\/?p=5"},"modified":"2023-05-23T20:46:16","modified_gmt":"2023-05-23T23:46:16","slug":"operador-pc-multimedia-e-internet","status":"publish","type":"product","link":"https:\/\/nasacomputacion.com.ar\/sitio\/producto\/operador-pc-multimedia-e-internet\/","title":{"rendered":"Operador Pc, Multimedia e Internet"},"content":{"rendered":"<h3><span style=\"color: #045cb4;\"><strong>Objetivos Generales:<\/strong><\/span><\/h3>\n<p>Este curso brinda todos los conocimientos para utilizar la computadora en el \u00e1mbito laboral \u00f3 domestico. El objetivo general del curso es otorgar al alumno\/a una amplia formaci\u00f3n en Inform\u00e1tica orientada a las tareas administrativas habituales de oficinas y empresas, capacit\u00e1ndolo\/a para realizar tales trabajos con eficiencia y con un alto nivel de destreza.<\/p>\n<p><strong>Duraci\u00f3n: 5 meses (8 clases mensuales) \u2013 10 meses (4 clases mensuales).<\/strong><\/p>\n<p><strong>Contenidos.<\/strong><\/p>\n<h3><span style=\"color: #045cb4;\"><strong>Sistema Operativo Microsoft Windows<\/strong><\/span><\/h3>\n<p>Descripci\u00f3n del entorno b\u00e1sico del sistema operativo Microsoft Windows en sus \u00faltimas versiones, explicando los conceptos fundamentales y sus caracter\u00edsticas b\u00e1sicas de funcionamiento, aprendiendo todas las aplicaciones del mismo.<\/p>\n<p>\u2022 Introducci\u00f3n a Windows<br \/>\n\u2022 El escritorio<br \/>\n\u2022 Personalizar el entorno<br \/>\n\u2022 Textos<br \/>\n\u2022 Trabajos con archivos<br \/>\n\u2022 El Explorador de Windows<br \/>\n\u2022 Panel de control<br \/>\n\u2022 Interfaz Metro<\/p>\n<h3><span style=\"color: #045cb4;\"><strong>Microsoft Word<\/strong><\/span><\/h3>\n<p><strong>Objetivos<\/strong><br \/>\nDescripci\u00f3n del entorno de Microsoft Word, explicando las funciones b\u00e1sicas y avanzadas necesarias para el manejo del procesador de textos Se explica lo necesario para crear, escribir, modificar, revisar el texto, moverse por el documento o mostrarlo con distintas vistas, dar formato a los p\u00e1rrafos y a las p\u00e1ginas, encabezados y pies de p\u00e1gina, listas, columnas, incluir im\u00e1genes e imprimir el documento en papel.<\/p>\n<p>\u2022 Primeros pasos en Word<br \/>\n\u2022 Editar y guardar documentos<br \/>\n\u2022 Modos de ver los documentos<br \/>\n\u2022 Moverse por el documento<br \/>\n\u2022 Modificar el texto<br \/>\n\u2022 Revisar el texto<br \/>\n\u2022 Formato de p\u00e1rrafo<br \/>\n\u2022 Formato de p\u00e1gina<br \/>\n\u2022 Encabezados, notas y pies<br \/>\n\u2022 Listas y columnas<br \/>\n\u2022 Im\u00e1genes en el documento<br \/>\n\u2022 Impresi\u00f3n de documentos<\/p>\n<h3><span style=\"color: #045cb4;\"><strong>Microsoft Excel<\/strong><\/span><\/h3>\n<p><strong>Objetivos<\/strong><br \/>\nDescripci\u00f3n del funcionamiento b\u00e1sico y avanzado de la hoja de c\u00e1lculo Microsoft Excel, viendo las funciones disponibles en este programa a la hora de crear y modificar hojas de c\u00e1lculo. Se explica lo necesario para crear libros y hojas de c\u00e1lculo, desplazarse e introducir datos en las hojas, formatos b\u00e1sicos e impresi\u00f3n, f\u00f3rmulas, funciones y gr\u00e1ficos. Tambi\u00e9n se describen aspectos avanzados relativos a la edici\u00f3n de hojas y al formato de las celdas, y la relaci\u00f3n de Excel e Internet, para colocar los datos de una hoja de c\u00e1lculo en una p\u00e1gina web.<\/p>\n<p>\u2022 Introducci\u00f3n a Excel<br \/>\n\u2022 Libros y hojas<br \/>\n\u2022 Introducir datos<br \/>\n\u2022 Modificar hojas<br \/>\n\u2022 Organizar e imprimir hojas<br \/>\n\u2022 Formato de celdas<br \/>\n\u2022 F\u00f3rmulas<br \/>\n\u2022 Funciones<br \/>\n\u2022 Formato avanzado de celdas<br \/>\n\u2022 Temas y formato condicional<br \/>\n\u2022 M\u00e1s sobre la edici\u00f3n de hojas<br \/>\n\u2022 Crear gr\u00e1ficos<br \/>\n\u2022 Colocar datos en la Web<\/p>\n<h3><span style=\"color: #045cb4;\"><strong>Power Point<\/strong><\/span><\/h3>\n<p><strong>Objetivos<\/strong><br \/>\nDescripci\u00f3n del entorno de Microsoft PowerPoint, explicando las funciones necesarias para el manejo del programa. Se explica lo necesario para crear, modificar y exponer presentaciones gr\u00e1ficas multimedia.<\/p>\n<p>\u2022 Introducci\u00f3n a PowerPoint<br \/>\n\u2022 Trabajando con diapositivas<br \/>\n\u2022 A\u00f1adir texto<br \/>\n\u2022 Formato del texto<br \/>\n\u2022 Temas y fondos<br \/>\n\u2022 WordArt y tablas<br \/>\n\u2022 Dibujos e im\u00e1genes<br \/>\n\u2022 Multimedia e hiperv\u00ednculos<br \/>\n\u2022 Gr\u00e1ficos de datos<br \/>\n\u2022 Organigramas<br \/>\n\u2022 Animaci\u00f3n<\/p>\n<h3><span style=\"color: #045cb4;\"><strong>Internet<\/strong><\/span><\/h3>\n<p><strong>Objetivos<\/strong><br \/>\nEl curso estudia conceptos generales sobre las tecnolog\u00edas relacionadas con Internet. Conceptos que cualquier usuario de PC debe conocer para comprender el funcionamiento general de Internet: protocolos utilizados, servicios disponibles, qu\u00e9 aplicaciones utilizar; as\u00ed como el impacto de Internet en la vida cotidiana.<\/p>\n<p>\u2022 Internet Introducci\u00f3n y Conexi\u00f3n<br \/>\n\u2022 Navegadores Internet Explorer, Google Chrome y Mozilla Fire Fox<br \/>\n\u2022 B\u00fasqueda de informaci\u00f3n<br \/>\n\u2022 Exploraci\u00f3n de sitios web<br \/>\n\u2022 Transferencia de archivos<br \/>\n\u2022 Correo electr\u00f3nico<br \/>\n\u2022 Redes Sociales<\/p>\n","protected":false},"excerpt":{"rendered":"<p>Objetivos Generales: Este curso brinda todos los conocimientos para utilizar la computadora en el \u00e1mbito laboral \u00f3 domestico. El objetivo general del curso es otorgar al alumno\/a una amplia formaci\u00f3n en Inform\u00e1tica orientada a las tareas administrativas habituales de oficinas y empresas, capacit\u00e1ndolo\/a para realizar tales trabajos con eficiencia y con un alto nivel de &hellip;<\/p>\n<p class=\"read-more\"> <a class=\"\" href=\"https:\/\/nasacomputacion.com.ar\/sitio\/producto\/operador-pc-multimedia-e-internet\/\"> <span class=\"screen-reader-text\">Operador Pc, Multimedia e Internet<\/span> Leer m\u00e1s &raquo;<\/a><\/p>\n","protected":false},"featured_media":2925,"template":"","meta":{"inline_featured_image":false,"site-sidebar-layout":"default","site-content-layout":"default","ast-global-header-display":"","ast-main-header-display":"","ast-hfb-above-header-display":"","ast-hfb-below-header-display":"","ast-hfb-mobile-header-display":"","site-post-title":"","ast-breadcrumbs-content":"","ast-featured-img":"","footer-sml-layout":"","theme-transparent-header-meta":"default","adv-header-id-meta":"","stick-header-meta":"","header-above-stick-meta":"","header-main-stick-meta":"","header-below-stick-meta":"","_joinchat":[]},"product_cat":[83],"product_tag":[],"class_list":["post-5","product","type-product","status-publish","has-post-thumbnail","hentry","product_cat-nivel-inicial","desktop-align-left","tablet-align-left","mobile-align-left"],"_links":{"self":[{"href":"https:\/\/nasacomputacion.com.ar\/sitio\/wp-json\/wp\/v2\/product\/5","targetHints":{"allow":["GET"]}}],"collection":[{"href":"https:\/\/nasacomputacion.com.ar\/sitio\/wp-json\/wp\/v2\/product"}],"about":[{"href":"https:\/\/nasacomputacion.com.ar\/sitio\/wp-json\/wp\/v2\/types\/product"}],"wp:featuredmedia":[{"embeddable":true,"href":"https:\/\/nasacomputacion.com.ar\/sitio\/wp-json\/wp\/v2\/media\/2925"}],"wp:attachment":[{"href":"https:\/\/nasacomputacion.com.ar\/sitio\/wp-json\/wp\/v2\/media?parent=5"}],"wp:term":[{"taxonomy":"product_cat","embeddable":true,"href":"https:\/\/nasacomputacion.com.ar\/sitio\/wp-json\/wp\/v2\/product_cat?post=5"},{"taxonomy":"product_tag","embeddable":true,"href":"https:\/\/nasacomputacion.com.ar\/sitio\/wp-json\/wp\/v2\/product_tag?post=5"}],"curies":[{"name":"wp","href":"https:\/\/api.w.org\/{rel}","templated":true}]}}