{"id":4479,"date":"2025-12-22T18:23:40","date_gmt":"2025-12-22T21:23:40","guid":{"rendered":"https:\/\/nasacomputacion.com.ar\/sitio\/?post_type=product&#038;p=4479"},"modified":"2025-12-22T18:23:57","modified_gmt":"2025-12-22T21:23:57","slug":"innovar-crear-programar-pensamiento-computacional-en-accion","status":"publish","type":"product","link":"https:\/\/nasacomputacion.com.ar\/sitio\/producto\/innovar-crear-programar-pensamiento-computacional-en-accion\/","title":{"rendered":"Innovar. Crear. Programar: Pensamiento Computacional en Acci\u00f3n"},"content":{"rendered":"<p><strong>RESOLUCI\u00d3N DEL RECTORADO N\u00ba 512\/25<br \/>\n<\/strong>Curso dictado por el Centro de Capacitaci\u00f3n de la Universidad FASTA (CECAUF)<\/p>\n<p>Integra programaci\u00f3n y creatividad en tu pr\u00e1ctica. Fortalece tus habilidades en pensamiento computacional y transforma tus clases en espacios de aprendizaje activo.<br \/>\nExplor\u00e1 c\u00f3mo integrar programaci\u00f3n, creatividad y resoluci\u00f3n de problemas en tu pr\u00e1ctica docente. Fortalec\u00e9 tus habilidades en pensamiento computacional, experiment\u00e1 con herramientas TIC y transform\u00e1 tus clases en espacios de aprendizaje activo, reflexivo y significativo..<\/p>\n<p><strong>\u00bfQu\u00e9 lograr\u00e1s con esta Certificaci\u00f3n?<\/strong><\/p>\n<ul>\n<li>Transformar la Ense\u00f1anza: Aplica los \u00faltimos descubrimientos de la neurociencia para clases m\u00e1s efectivas.<\/li>\n<li>Potenciar con IA: Usa herramientas de IA para personalizar el aprendizaje y automatizar tareas.<\/li>\n<li>Dise\u00f1ar Experiencias Innovadoras: Combina lo mejor de dos mundos para un entorno educativo din\u00e1mico.<\/li>\n<li>Certificar tu Expertise: Obt\u00e9n un certificado de la Universidad FASTA y valida tus competencias.<\/li>\n<\/ul>\n<p><em>1 Clase sincr\u00f3nica en vivo<\/em><\/p>\n<p>Programa:<\/p>\n<p><strong>Semana 1: Pensamiento computacional<\/strong><\/p>\n<ul>\n<li>Qu\u00e9 es el Pensamiento Computacional, porque aplicarlo en el aula.<\/li>\n<li>Pensamiento Computacional: Pr\u00e1cticas y Perspectivas.<\/li>\n<li>Bases del Pensamiento Computacional.<\/li>\n<\/ul>\n<p><strong>Semana 2: Programaci\u00f3n unplugged<\/strong><\/p>\n<ul>\n<li>Ejemplo de redes de ordenamiento<\/li>\n<li>Exploraci\u00f3n y An\u00e1lisis de material online.<\/li>\n<li>Confecci\u00f3n de diagramas de flujo<\/li>\n<li>Ejemplos<\/li>\n<\/ul>\n<p><strong>Semana 3: Programaci\u00f3n creativa<\/strong><\/p>\n<ul>\n<li>Abordando Pilas Bloques.<\/li>\n<li>Exploraci\u00f3n del entorno de Scratch (escenario, personajes, bloques).<\/li>\n<li>Movimiento y sonido en Scratch.<\/li>\n<li>Eventos y control de personajes.<\/li>\n<li>Entorno de Mblock.<\/li>\n<\/ul>\n<p><strong>Semana 4: \u201cProgramaci\u00f3n creativa\u00a8<\/strong><\/p>\n<ul>\n<li>Trabajo colaborativo e individual. ABP<\/li>\n<li>An\u00e1lisis sobre las diferentes posibilidades de incorporaci\u00f3n del PC y la programaci\u00f3n creativa en las actividades \u00e1ulicas.<\/li>\n<\/ul>\n<p><em>\u00a0<\/em><\/p>\n","protected":false},"excerpt":{"rendered":"<p>RESOLUCI\u00d3N DEL RECTORADO N\u00ba 512\/25 Curso dictado por el Centro de Capacitaci\u00f3n de la Universidad FASTA (CECAUF) Integra programaci\u00f3n y creatividad en tu pr\u00e1ctica. Fortalece tus habilidades en pensamiento computacional y transforma tus clases en espacios de aprendizaje activo. Explor\u00e1 c\u00f3mo integrar programaci\u00f3n, creatividad y resoluci\u00f3n de problemas en tu pr\u00e1ctica docente. Fortalec\u00e9 tus habilidades &hellip;<\/p>\n<p class=\"read-more\"> <a class=\"\" href=\"https:\/\/nasacomputacion.com.ar\/sitio\/producto\/innovar-crear-programar-pensamiento-computacional-en-accion\/\"> <span class=\"screen-reader-text\">Innovar. Crear. Programar: Pensamiento Computacional en Acci\u00f3n<\/span> Leer m\u00e1s &raquo;<\/a><\/p>\n","protected":false},"featured_media":4480,"template":"","meta":{"inline_featured_image":false,"site-sidebar-layout":"default","site-content-layout":"default","ast-global-header-display":"","ast-main-header-display":"","ast-hfb-above-header-display":"","ast-hfb-below-header-display":"","ast-hfb-mobile-header-display":"","site-post-title":"","ast-breadcrumbs-content":"","ast-featured-img":"","footer-sml-layout":"","theme-transparent-header-meta":"default","adv-header-id-meta":"","stick-header-meta":"","header-above-stick-meta":"","header-main-stick-meta":"","header-below-stick-meta":"","_joinchat":[]},"product_cat":[98],"product_tag":[],"class_list":["post-4479","product","type-product","status-publish","has-post-thumbnail","hentry","product_cat-inteligencia-artificial","desktop-align-left","tablet-align-left","mobile-align-left"],"_links":{"self":[{"href":"https:\/\/nasacomputacion.com.ar\/sitio\/wp-json\/wp\/v2\/product\/4479","targetHints":{"allow":["GET"]}}],"collection":[{"href":"https:\/\/nasacomputacion.com.ar\/sitio\/wp-json\/wp\/v2\/product"}],"about":[{"href":"https:\/\/nasacomputacion.com.ar\/sitio\/wp-json\/wp\/v2\/types\/product"}],"wp:featuredmedia":[{"embeddable":true,"href":"https:\/\/nasacomputacion.com.ar\/sitio\/wp-json\/wp\/v2\/media\/4480"}],"wp:attachment":[{"href":"https:\/\/nasacomputacion.com.ar\/sitio\/wp-json\/wp\/v2\/media?parent=4479"}],"wp:term":[{"taxonomy":"product_cat","embeddable":true,"href":"https:\/\/nasacomputacion.com.ar\/sitio\/wp-json\/wp\/v2\/product_cat?post=4479"},{"taxonomy":"product_tag","embeddable":true,"href":"https:\/\/nasacomputacion.com.ar\/sitio\/wp-json\/wp\/v2\/product_tag?post=4479"}],"curies":[{"name":"wp","href":"https:\/\/api.w.org\/{rel}","templated":true}]}}