{"id":4445,"date":"2025-08-11T13:37:51","date_gmt":"2025-08-11T16:37:51","guid":{"rendered":"https:\/\/nasacomputacion.com.ar\/sitio\/?post_type=product&#038;p=4445"},"modified":"2025-10-13T15:14:59","modified_gmt":"2025-10-13T18:14:59","slug":"curso-de-psicologia-positiva-herramientas-para-potenciar-tu-bienestar-personal-y-laboral","status":"publish","type":"product","link":"https:\/\/nasacomputacion.com.ar\/sitio\/producto\/curso-de-psicologia-positiva-herramientas-para-potenciar-tu-bienestar-personal-y-laboral\/","title":{"rendered":"Curso de Psicolog\u00eda Positiva: Herramientas para potenciar tu bienestar personal y laboral"},"content":{"rendered":"<p>Curso dictado por el Centro de Capacitaci\u00f3n de la Universidad FASTA (CECAUF)<\/p>\n<div>\n<h4><a href=\"https:\/\/cecauf.com.ar\/website\/wp-content\/uploads\/2023\/01\/340-21-Economicas_CECAUF-Aprobar-Curso-de-Extension-Curso-de-Psicologia-Positiva.pdf\"><strong>Aprobado por Resoluci\u00f3n Rectoral\u00a0340\/21<\/strong><\/a><\/h4>\n<\/div>\n<h4><span style=\"color: #ff6600;\"><strong>INICIO INMEDIATO\u00a0<\/strong><\/span><\/h4>\n<h4>Descripci\u00f3n<\/h4>\n<p>La psicolog\u00eda positiva es la ciencia que estudia las experiencias y rasgos positivos de las personas y las organizaciones, aplicando m\u00e9todos eficientes para mejorar el bienestar individual y grupal. Su fundamento se centra en potenciar las fortalezas y virtudes humanas.<\/p>\n<p>Esta ciencia se asienta en cinco pilares: emociones positivas, relaciones positivas, el fluir, el sentido de la vida y la celebraci\u00f3n de logros, los cuales se dirigen y contribuyen a plenificar la integralidad de la persona.<\/p>\n<p>El ser humano requiere de competencias que le permitan desarrollarse plenamente y disfrutar de lo que hace cotidianamente. Esto repercute directamente en acciones consecuentes como tomar las riendas de su vida, ejercer el liderazgo positivo en las distintas organizaciones, colaborar en el desempe\u00f1o de las personas que la rodean, entre otros. Todo esto tendr\u00e1 impacto en su satisfacci\u00f3n personal, su motivaci\u00f3n y su formaci\u00f3n como persona optimista.<\/p>\n<p>La psicolog\u00eda positiva busca desarrollar en un mayor porcentaje las capacidades y fortalezas, experimentando un crecimiento desde un estado de normalidad a un desempe\u00f1o \u00f3ptimo desde el an\u00e1lisis y creaci\u00f3n de lo positivo.<\/p>\n<p>Este curso brinda herramientas para:<\/p>\n<p>-Mejorar la calidad de vida personal a trav\u00e9s del desarrollo de las herramientas de la psicolog\u00eda positiva<\/p>\n<p>-Conocer y optimizar las fortalezas individuales y grupales<\/p>\n<p>-Favorecer la b\u00fasqueda de satisfacci\u00f3n personal mediante el desarrollo de los pilares de la psicolog\u00eda positiva<\/p>\n<h4>Duraci\u00f3n<\/h4>\n<p>24 horas reloj.<\/p>\n<h4>Certificaci\u00f3n que se expide:<\/h4>\n<p>Curso de Psicolog\u00eda positiva: Herramientas para potenciar tu bienestar personal y laboral.<\/p>\n<h4>Destinatarios<\/h4>\n<p>Integrantes de organizaciones que deseen aprender a optimizar sus cualidades personales y potenciar sus talentos para alcanzar la plenitud en las distintas \u00e1reas de su vida. Estudiantes y profesionales de carreras universitarias que tengan como implicancia laboral el bienestar de la persona. P\u00fablico en general interesado en la tem\u00e1tica.<\/p>\n<h4>Requisitos de Ingreso<\/h4>\n<p>No posee requisitos de ingreso.<\/p>\n<h4>Modalidad de Cursado y Evaluaci\u00f3n:<\/h4>\n<p>El Curso es totalmente a distancia, el alumno se inscribe y recibe un usuario y contrase\u00f1a que le permite acceder a la plataforma virtual donde se desarrollan todos los contenidos.<\/p>\n<p>El mismo est\u00e1 dividido en 4 m\u00f3dulos, cada uno cuenta con material de lectura te\u00f3rico para descargar, videos con desarrollo de los temas por parte del docente y material de apoyo como enlaces a art\u00edculos, v\u00eddeos de dominio p\u00fablico y bibliograf\u00eda que permiten al alumno aprender a su ritmo, manejando sus tiempos.<\/p>\n<p>Al finalizar cada m\u00f3dulo el alumno realizar\u00e1 una autoevaluaci\u00f3n que deber\u00e1 ser aprobada para avanzar al m\u00f3dulo siguiente.<\/p>\n<p>El docente ir\u00e1 evaluando a los alumnos a trav\u00e9s de \u00e9stas actividades, y los acompa\u00f1ar\u00e1 atendiendo las consultas particulares a trav\u00e9s de mensajer\u00eda interna y foros de consultas.<\/p>\n<p>Los alumnos deber\u00e1n acreditar la realizaci\u00f3n de los trabajos pr\u00e1cticos de cada m\u00f3dulo y el trabajo final integrador.<\/p>\n<p>&nbsp;<\/p>\n","protected":false},"excerpt":{"rendered":"<p>Curso dictado por el Centro de Capacitaci\u00f3n de la Universidad FASTA (CECAUF) Aprobado por Resoluci\u00f3n Rectoral\u00a0340\/21 INICIO INMEDIATO\u00a0 Descripci\u00f3n La psicolog\u00eda positiva es la ciencia que estudia las experiencias y rasgos positivos de las personas y las organizaciones, aplicando m\u00e9todos eficientes para mejorar el bienestar individual y grupal. Su fundamento se centra en potenciar las &hellip;<\/p>\n<p class=\"read-more\"> <a class=\"\" href=\"https:\/\/nasacomputacion.com.ar\/sitio\/producto\/curso-de-psicologia-positiva-herramientas-para-potenciar-tu-bienestar-personal-y-laboral\/\"> <span class=\"screen-reader-text\">Curso de Psicolog\u00eda Positiva: Herramientas para potenciar tu bienestar personal y laboral<\/span> Leer m\u00e1s &raquo;<\/a><\/p>\n","protected":false},"featured_media":4446,"template":"","meta":{"inline_featured_image":false,"site-sidebar-layout":"default","site-content-layout":"default","ast-global-header-display":"","ast-main-header-display":"","ast-hfb-above-header-display":"","ast-hfb-below-header-display":"","ast-hfb-mobile-header-display":"","site-post-title":"","ast-breadcrumbs-content":"","ast-featured-img":"","footer-sml-layout":"","theme-transparent-header-meta":"default","adv-header-id-meta":"","stick-header-meta":"","header-above-stick-meta":"","header-main-stick-meta":"","header-below-stick-meta":"","_joinchat":[]},"product_cat":[97],"product_tag":[],"class_list":["post-4445","product","type-product","status-publish","has-post-thumbnail","hentry","product_cat-cursos-de-rrhh","desktop-align-left","tablet-align-left","mobile-align-left"],"_links":{"self":[{"href":"https:\/\/nasacomputacion.com.ar\/sitio\/wp-json\/wp\/v2\/product\/4445","targetHints":{"allow":["GET"]}}],"collection":[{"href":"https:\/\/nasacomputacion.com.ar\/sitio\/wp-json\/wp\/v2\/product"}],"about":[{"href":"https:\/\/nasacomputacion.com.ar\/sitio\/wp-json\/wp\/v2\/types\/product"}],"wp:featuredmedia":[{"embeddable":true,"href":"https:\/\/nasacomputacion.com.ar\/sitio\/wp-json\/wp\/v2\/media\/4446"}],"wp:attachment":[{"href":"https:\/\/nasacomputacion.com.ar\/sitio\/wp-json\/wp\/v2\/media?parent=4445"}],"wp:term":[{"taxonomy":"product_cat","embeddable":true,"href":"https:\/\/nasacomputacion.com.ar\/sitio\/wp-json\/wp\/v2\/product_cat?post=4445"},{"taxonomy":"product_tag","embeddable":true,"href":"https:\/\/nasacomputacion.com.ar\/sitio\/wp-json\/wp\/v2\/product_tag?post=4445"}],"curies":[{"name":"wp","href":"https:\/\/api.w.org\/{rel}","templated":true}]}}