{"id":21,"date":"2013-11-04T00:56:40","date_gmt":"2013-11-04T03:56:40","guid":{"rendered":"http:\/\/www.nasacomputacion.com.ar\/site\/?p=21"},"modified":"2023-05-23T20:40:48","modified_gmt":"2023-05-23T23:40:48","slug":"editor-de-video-y-fotografia-digital","status":"publish","type":"product","link":"https:\/\/nasacomputacion.com.ar\/sitio\/producto\/editor-de-video-y-fotografia-digital\/","title":{"rendered":"Editor de video y fotografia digital"},"content":{"rendered":"<h3><span style=\"color: #045cb4;\"><strong>Objetivos Generales: <\/strong><\/span><\/h3>\n<p>El curso trata en profundidad la edici\u00f3n y post-producci\u00f3n de fotograf\u00eda y edici\u00f3n Digital. Para ello s ver\u00e1n los conceptos, herramientas y t\u00e9cnicas m\u00e1s utilizadas en edici\u00f3n digital. Los alumnos aprender\u00e1n a realizar mezclas de video y audio, manipulaci\u00f3n y creaci\u00f3n de efectos en el montaje de una producci\u00f3n o proyecto para DVD, internet, CDs, etc. Dominar\u00e1n la creaci\u00f3n de im\u00e1genes de gran riqueza visual y contenido art\u00edstico, aplicando estilos y t\u00e9cnicas pict\u00f3ricas de retoque fotogr\u00e1fico e incluso cinematogr\u00e1fico, mediante Photoshop.<\/p>\n<p><strong>Duraci\u00f3n: 5 meses (8 clases mensuales) \u2013 10 meses (4 clases mensuales).<\/strong><\/p>\n<h4><strong>Contenidos.<\/strong><br \/>\n<strong><br \/>\n<span style=\"color: #045cb4;\">Fotografia Digital<\/span><\/strong><\/h4>\n<p><strong>Objetivos<\/strong><br \/>\nSe estudian los conceptos b\u00e1sicos a tener en cuenta para la Fotograf\u00eda Digital, elementos que intervienen, manejo del el espacio y la distancia adecuada a las vez que se adquieren los conocimientos importantes para lograr el mejor resultado posible, teniendo en cuenta las variables de luz, color, brillo, etc.<\/p>\n<p>\u2022 Introducci\u00f3n<br \/>\n\u2022 Crear Fotos<br \/>\n\u2022 Adicionales<br \/>\n\u2022 Actividades<\/p>\n<h4><strong><br \/>\n<span style=\"color: #045cb4;\">Adobe Photoshop<\/span><\/strong><\/h4>\n<p><strong>Objetivos<\/strong><br \/>\nPresenta el espacio de trabajo de Photoshop y las t\u00e9cnicas b\u00e1sicas de edici\u00f3n de im\u00e1genes: dibujo con distintas herramientas, trabajo con capas, correcci\u00f3n del color, retoque de im\u00e1genes, impresi\u00f3n, etc. Se presentan herramientas y procesos de trabajo sofisticados o avanzados: trabajo con capas, modelos y modos de color, canales, m\u00e1scaras, filtros, ajustes, automatizaci\u00f3n de tareas, gesti\u00f3n del color, escaneado de im\u00e1genes, preparaci\u00f3n de im\u00e1genes dirigidas a la Web etc, animaciones, v\u00eddeo y objetos 3D.<\/p>\n<p>\u2022 Primeros pasos en Photoshop<br \/>\n\u2022 Abrir y guardar im\u00e1genes<br \/>\n\u2022 El espacio de trabajo<br \/>\n\u2022 Moverse por la imagen<br \/>\n\u2022 Dibujar con el l\u00e1piz<br \/>\n\u2022 Pintar con el pincel<br \/>\n\u2022 Seleccionar<br \/>\n\u2022 Im\u00e1genes con capas<br \/>\n\u2022 Rellenar de color<br \/>\n\u2022 Dibujar con trazados<br \/>\n\u2022 Ajustar el color<br \/>\n\u2022 Retocar im\u00e1genes<br \/>\n\u2022 Texto en las im\u00e1genes<br \/>\n\u2022 Imprimir la imagen<br \/>\n\u2022 Edici\u00f3n de secuencias y clips<br \/>\n\u2022 Edici\u00f3n de Audio<br \/>\n\u2022 Titulaci\u00f3n<br \/>\n\u2022 Efectos y Transiciones<br \/>\n\u2022 Animaci\u00f3n<br \/>\n\u2022 Composici\u00f3n<br \/>\n\u2022 Exportaci\u00f3n<br \/>\n\u2022 M\u00e9todos abreviados de Teclado<\/p>\n<h4><span style=\"color: #045cb4;\"><strong><br \/>\nAdobe Premiere <\/strong><\/span><\/h4>\n<p><strong>Objetivos<\/strong><br \/>\nCon este programa aprender\u00e1 todo lo necesario para la realizaci\u00f3n del montaje, edici\u00f3n y creaci\u00f3n de pel\u00edculas. Se desarrolla temas como: captura de pel\u00edculas, inserci\u00f3n de los clips en la secuencia, edici\u00f3n de la misma, aplicaci\u00f3n de efectos, transiciones, t\u00edtulos, animaciones, edici\u00f3n de audio y exportaci\u00f3n final de la pel\u00edcula.<\/p>\n<p>\u2022 Introducci\u00f3n a Premiere<br \/>\n\u2022 Crear proyectos e importar recursos<br \/>\n\u2022 Adquisici\u00f3n de medios<br \/>\n\u2022 Edici\u00f3n de v\u00eddeo<br \/>\n\u2022 M\u00e1s sobre la edici\u00f3n<br \/>\n\u2022 Modificar clips<br \/>\n\u2022 Transiciones<br \/>\n\u2022 Creaci\u00f3n de t\u00edtulos<br \/>\n\u2022 Trabajo y edici\u00f3n de audio<br \/>\n\u2022 Transparencia y composici\u00f3n<br \/>\n\u2022 Crear animaciones<br \/>\n\u2022 Aplicaci\u00f3n de efectos y ajustes de color<br \/>\n\u2022 Exportaci\u00f3n de la pel\u00edcula<\/p>\n<h4><strong><span style=\"color: #0000ff;\"><br \/>\n<span style=\"color: #045cb4;\">Adobe After Effects<\/span><\/span> <\/strong><\/h4>\n<p><strong>Objetivos<\/strong><br \/>\nEs una aplicaci\u00f3n que se utiliza para la creaci\u00f3n de un video, clip o pel\u00edcula, como as\u00ed tambi\u00e9n para la realizaci\u00f3n de gr\u00e1ficos profesionales en movimiento y efectos especiales. Este programa est\u00e1 dirigido a dise\u00f1adores gr\u00e1ficos, productores de v\u00eddeo y a profesionales o aficionados en multimedia,<\/p>\n<p>\u2022 Introducci\u00f3n<br \/>\n\u2022 Flujos de trabajo, planificaci\u00f3n y configuraci\u00f3n<br \/>\n\u2022 Interfaz del usuario<br \/>\n\u2022 Proyectos y composiciones<br \/>\n\u2022 Importaci\u00f3n y administraci\u00f3n de elementos de material de archivo<br \/>\n\u2022 Capas y propiedades<br \/>\n\u2022 Vistas y previsualizaciones<br \/>\n\u2022 Animaci\u00f3n y fotogramas Claves<br \/>\n\u2022 Color<br \/>\n\u2022 Dibujo<br \/>\n\u2022 Pintura y Trazado<br \/>\n\u2022 Texto<br \/>\n\u2022 Transparencia, opacidad y composici\u00f3n<br \/>\n\u2022 Efectos y ajustes de animaci\u00f3n<br \/>\n\u2022 Marcadores y metadatos<br \/>\n\u2022 Memoria, almacenamiento y rendimiento<br \/>\n\u2022 Plugins, secuencias de comandos y automatizaci\u00f3n<br \/>\n\u2022 Expresiones<br \/>\n\u2022 Procesamiento y Exportaci\u00f3n<\/p>\n","protected":false},"excerpt":{"rendered":"<p>Objetivos Generales: El curso trata en profundidad la edici\u00f3n y post-producci\u00f3n de fotograf\u00eda y edici\u00f3n Digital. Para ello s ver\u00e1n los conceptos, herramientas y t\u00e9cnicas m\u00e1s utilizadas en edici\u00f3n digital. Los alumnos aprender\u00e1n a realizar mezclas de video y audio, manipulaci\u00f3n y creaci\u00f3n de efectos en el montaje de una producci\u00f3n o proyecto para DVD, &hellip;<\/p>\n<p class=\"read-more\"> <a class=\"\" href=\"https:\/\/nasacomputacion.com.ar\/sitio\/producto\/editor-de-video-y-fotografia-digital\/\"> <span class=\"screen-reader-text\">Editor de video y fotografia digital<\/span> Leer m\u00e1s &raquo;<\/a><\/p>\n","protected":false},"featured_media":2921,"template":"","meta":{"inline_featured_image":false,"site-sidebar-layout":"default","site-content-layout":"default","ast-global-header-display":"","ast-main-header-display":"","ast-hfb-above-header-display":"","ast-hfb-below-header-display":"","ast-hfb-mobile-header-display":"","site-post-title":"","ast-breadcrumbs-content":"","ast-featured-img":"","footer-sml-layout":"","theme-transparent-header-meta":"default","adv-header-id-meta":"","stick-header-meta":"","header-above-stick-meta":"","header-main-stick-meta":"","header-below-stick-meta":"","_joinchat":[]},"product_cat":[85],"product_tag":[],"class_list":["post-21","product","type-product","status-publish","has-post-thumbnail","hentry","product_cat-especializaciones","desktop-align-left","tablet-align-left","mobile-align-left"],"_links":{"self":[{"href":"https:\/\/nasacomputacion.com.ar\/sitio\/wp-json\/wp\/v2\/product\/21","targetHints":{"allow":["GET"]}}],"collection":[{"href":"https:\/\/nasacomputacion.com.ar\/sitio\/wp-json\/wp\/v2\/product"}],"about":[{"href":"https:\/\/nasacomputacion.com.ar\/sitio\/wp-json\/wp\/v2\/types\/product"}],"wp:featuredmedia":[{"embeddable":true,"href":"https:\/\/nasacomputacion.com.ar\/sitio\/wp-json\/wp\/v2\/media\/2921"}],"wp:attachment":[{"href":"https:\/\/nasacomputacion.com.ar\/sitio\/wp-json\/wp\/v2\/media?parent=21"}],"wp:term":[{"taxonomy":"product_cat","embeddable":true,"href":"https:\/\/nasacomputacion.com.ar\/sitio\/wp-json\/wp\/v2\/product_cat?post=21"},{"taxonomy":"product_tag","embeddable":true,"href":"https:\/\/nasacomputacion.com.ar\/sitio\/wp-json\/wp\/v2\/product_tag?post=21"}],"curies":[{"name":"wp","href":"https:\/\/api.w.org\/{rel}","templated":true}]}}