{"id":1015,"date":"2017-03-20T18:03:11","date_gmt":"2017-03-20T21:03:11","guid":{"rendered":"http:\/\/www.nasacomputacion.com.ar\/site\/?p=1015"},"modified":"2023-05-30T15:43:21","modified_gmt":"2023-05-30T18:43:21","slug":"conversacion","status":"publish","type":"product","link":"https:\/\/nasacomputacion.com.ar\/sitio\/producto\/conversacion\/","title":{"rendered":"Conversaci\u00f3n"},"content":{"rendered":"<p><strong>Este Nivel est\u00e1 disponible para personas que cuentan ya con el conocimiento de INGLES NIVEL III o superior.<\/strong><\/p>\n<h3><span style=\"color: #045cb4;\"><strong>Objetivos:<\/strong><\/span><\/h3>\n<p>Se focalizar\u00e1 en situaciones de la vida real o laboral. El alumno en este NIVEL de CONVERSACI\u00d3N adquirir\u00e1 mayor confianza en el uso del idioma, para poder aplicarlo por ejemplo en viajes, comidas, seguir instrucciones o pedirlas, la salud, etc.\u00a0 Pr\u00e1ctica de pronunciaci\u00f3n m\u00e1s espec\u00edfica. Tambi\u00e9n podr\u00e1 exponer y entender material aut\u00e9ntico.<\/p>\n<p>&nbsp;<\/p>\n<p><strong>Unit<\/strong> 1 &#8211; Lesson 1 &#8211; Saying goodbye to the band<br \/>\n<strong>Unit<\/strong> 1 &#8211; Lesson 2 &#8211; Saying goodbye to the band<br \/>\n<strong>Unit<\/strong> 1 &#8211; Lesson 3 &#8211; Saying goodbye to the band<br \/>\n<strong>Unit<\/strong> 1 &#8211; Lesson 4 &#8211; Saying goodbye to the band &#8211; Additional exercises<\/p>\n<p>&nbsp;<\/p>\n<p><strong>Unit<\/strong> 2 &#8211; Lesson 5 &#8211; Getting married<br \/>\n<strong>Unit<\/strong> 2 &#8211; Lesson 6 &#8211; Getting married<br \/>\n<strong>Unit<\/strong> 2 &#8211; Lesson 7 &#8211; Getting married<br \/>\n<strong>Unit<\/strong> 2 &#8211; Lesson 8 &#8211; Getting married -Additional exercises<\/p>\n<p><strong>\u00a0<\/strong><\/p>\n<p><strong>Unit<\/strong> 3 &#8211; Lesson 9 &#8211; Meeting Jean&#8217;s family I<br \/>\n<strong>Unit<\/strong> 3 &#8211; Lesson 10 &#8211; Meeting Jean&#8217;s family I<br \/>\n<strong>Unit<\/strong> 3 &#8211; Lesson 11 &#8211; Meeting Jean&#8217;s family I<br \/>\n<strong>Unit<\/strong> 3 &#8211; Lesson 12 &#8211; Meeting Jean&#8217;s family I &#8211; Additional exercises<\/p>\n<p>&nbsp;<\/p>\n<p><strong>Unit<\/strong> 4 &#8211; Lesson 13 &#8211; Meeting Jean&#8217;s family II<br \/>\n<strong>Unit<\/strong> 4 &#8211; Lesson 14 &#8211; Meeting Jean&#8217;s family II<br \/>\n<strong>Unit<\/strong> 4 &#8211; Lesson 15 &#8211; Meeting Jean&#8217;s family II<br \/>\n<strong>Unit<\/strong> 4 &#8211; Lesson 16 &#8211; Meeting Jean&#8217;s family II &#8211; Additional exercises<\/p>\n<p>&nbsp;<\/p>\n<p><strong>Unit<\/strong> 5 &#8211; Lesson 17 &#8211; A new barman<br \/>\n<strong>Unit<\/strong> 5 &#8211; Lesson 18 &#8211; A new barman<br \/>\n<strong>Unit<\/strong> 5 &#8211; Lesson 19 &#8211; A new barman<br \/>\n<strong>Unit<\/strong> 5 &#8211; Lesson 20 &#8211; A new barman &#8211; Additional exercises<\/p>\n<p>&nbsp;<\/p>\n<p><strong>Unit<\/strong> 6 &#8211; Lesson 21 &#8211; Dreaming of becoming famous<br \/>\n<strong>Unit<\/strong> 6 &#8211; Lesson 22 &#8211; Dreaming of becoming famous<br \/>\n<strong>Unit<\/strong> 6 &#8211; Lesson 23 &#8211; Dreaming of becoming famous<br \/>\n<strong>Unit<\/strong> 6 &#8211; Lesson 24 &#8211; Know about the country and its customs. Just for fun!<\/p>\n","protected":false},"excerpt":{"rendered":"<p>Este Nivel est\u00e1 disponible para personas que cuentan ya con el conocimiento de INGLES NIVEL III o superior. Objetivos: Se focalizar\u00e1 en situaciones de la vida real o laboral. El alumno en este NIVEL de CONVERSACI\u00d3N adquirir\u00e1 mayor confianza en el uso del idioma, para poder aplicarlo por ejemplo en viajes, comidas, seguir instrucciones o &hellip;<\/p>\n<p class=\"read-more\"> <a class=\"\" href=\"https:\/\/nasacomputacion.com.ar\/sitio\/producto\/conversacion\/\"> <span class=\"screen-reader-text\">Conversaci\u00f3n<\/span> Leer m\u00e1s &raquo;<\/a><\/p>\n","protected":false},"featured_media":2906,"template":"","meta":{"inline_featured_image":false,"site-sidebar-layout":"default","site-content-layout":"default","ast-global-header-display":"","ast-main-header-display":"","ast-hfb-above-header-display":"","ast-hfb-below-header-display":"","ast-hfb-mobile-header-display":"","site-post-title":"","ast-breadcrumbs-content":"","ast-featured-img":"","footer-sml-layout":"","theme-transparent-header-meta":"default","adv-header-id-meta":"","stick-header-meta":"","header-above-stick-meta":"","header-main-stick-meta":"","header-below-stick-meta":"","_joinchat":[]},"product_cat":[86],"product_tag":[],"class_list":["post-1015","product","type-product","status-publish","has-post-thumbnail","hentry","product_cat-ingles","desktop-align-left","tablet-align-left","mobile-align-left"],"_links":{"self":[{"href":"https:\/\/nasacomputacion.com.ar\/sitio\/wp-json\/wp\/v2\/product\/1015","targetHints":{"allow":["GET"]}}],"collection":[{"href":"https:\/\/nasacomputacion.com.ar\/sitio\/wp-json\/wp\/v2\/product"}],"about":[{"href":"https:\/\/nasacomputacion.com.ar\/sitio\/wp-json\/wp\/v2\/types\/product"}],"wp:featuredmedia":[{"embeddable":true,"href":"https:\/\/nasacomputacion.com.ar\/sitio\/wp-json\/wp\/v2\/media\/2906"}],"wp:attachment":[{"href":"https:\/\/nasacomputacion.com.ar\/sitio\/wp-json\/wp\/v2\/media?parent=1015"}],"wp:term":[{"taxonomy":"product_cat","embeddable":true,"href":"https:\/\/nasacomputacion.com.ar\/sitio\/wp-json\/wp\/v2\/product_cat?post=1015"},{"taxonomy":"product_tag","embeddable":true,"href":"https:\/\/nasacomputacion.com.ar\/sitio\/wp-json\/wp\/v2\/product_tag?post=1015"}],"curies":[{"name":"wp","href":"https:\/\/api.w.org\/{rel}","templated":true}]}}